{"id":9,"date":"2017-08-11T17:12:01","date_gmt":"2017-08-11T17:12:01","guid":{"rendered":"https:\/\/portail15.fr\/albizia\/?page_id=9"},"modified":"2018-02-24T11:20:20","modified_gmt":"2018-02-24T11:20:20","slug":"la-maison-page","status":"publish","type":"page","link":"https:\/\/portail15.fr\/albizia\/la-maison-page\/","title":{"rendered":"La maison"},"content":{"rendered":"<p>Nous avons fait l\u2019acquisition de cette propri\u00e9t\u00e9 en janvier 2017 apr\u00e8s avoir pass\u00e9 12 ann\u00e9es au Qu\u00e9bec. Ses 4000 m carr\u00e9s de terrain,\u00a0 ses deux maisons, ses espaces arbor\u00e9s (ch\u00eanes, pins, albizia, saules pleureurs\u2026) et ses\u00a0 d\u00e9pendances nous ont donn\u00e9 le go\u00fbt de nous r\u00e9inventer en faisant de ce th\u00e9\u00e2tre de verdure un lieu d\u2019accueil , de rencontres et d\u2019\u00e9change.<\/p>\n<p><img loading=\"lazy\" decoding=\"async\" class=\"alignnone size-full wp-image-186\" src=\"https:\/\/portail15.fr\/albizia\/wp-content\/uploads\/2018\/02\/jardin-en-juin.jpg\" alt=\"\" width=\"800\" height=\"533\" srcset=\"https:\/\/portail15.fr\/albizia\/wp-content\/uploads\/2018\/02\/jardin-en-juin.jpg 800w, https:\/\/portail15.fr\/albizia\/wp-content\/uploads\/2018\/02\/jardin-en-juin-300x200.jpg 300w, https:\/\/portail15.fr\/albizia\/wp-content\/uploads\/2018\/02\/jardin-en-juin-768x512.jpg 768w\" sizes=\"auto, (max-width: 706px) 89vw, (max-width: 767px) 82vw, 740px\" \/><\/p>\n<p><img loading=\"lazy\" decoding=\"async\" class=\"alignnone size-full wp-image-133\" src=\"https:\/\/portail15.fr\/albizia\/wp-content\/uploads\/2018\/02\/chambre-ext\u00e9rieur-1.jpg\" alt=\"\" width=\"800\" height=\"450\" srcset=\"https:\/\/portail15.fr\/albizia\/wp-content\/uploads\/2018\/02\/chambre-ext\u00e9rieur-1.jpg 800w, https:\/\/portail15.fr\/albizia\/wp-content\/uploads\/2018\/02\/chambre-ext\u00e9rieur-1-300x169.jpg 300w, https:\/\/portail15.fr\/albizia\/wp-content\/uploads\/2018\/02\/chambre-ext\u00e9rieur-1-768x432.jpg 768w\" sizes=\"auto, (max-width: 706px) 89vw, (max-width: 767px) 82vw, 740px\" \/><\/p>\n","protected":false},"excerpt":{"rendered":"<p>Nous avons fait l\u2019acquisition de cette propri\u00e9t\u00e9 en janvier 2017 apr\u00e8s avoir pass\u00e9 12 ann\u00e9es au Qu\u00e9bec. Ses 4000 m carr\u00e9s de terrain,\u00a0 ses deux maisons, ses espaces arbor\u00e9s (ch\u00eanes, pins, albizia, saules pleureurs\u2026) et ses\u00a0 d\u00e9pendances nous ont donn\u00e9 le go\u00fbt de nous r\u00e9inventer en faisant de ce th\u00e9\u00e2tre de verdure un lieu d\u2019accueil &hellip; <\/p>\n<p class=\"link-more\"><a href=\"https:\/\/portail15.fr\/albizia\/la-maison-page\/\" class=\"more-link\">Continuer la lecture<span class=\"screen-reader-text\"> de &laquo;&nbsp;La maison&nbsp;&raquo;<\/span><\/a><\/p>\n","protected":false},"author":1,"featured_media":170,"parent":0,"menu_order":0,"comment_status":"closed","ping_status":"closed","template":"","meta":{"footnotes":""},"class_list":["post-9","page","type-page","status-publish","has-post-thumbnail","hentry"],"_links":{"self":[{"href":"https:\/\/portail15.fr\/albizia\/wp-json\/wp\/v2\/pages\/9","targetHints":{"allow":["GET"]}}],"collection":[{"href":"https:\/\/portail15.fr\/albizia\/wp-json\/wp\/v2\/pages"}],"about":[{"href":"https:\/\/portail15.fr\/albizia\/wp-json\/wp\/v2\/types\/page"}],"author":[{"embeddable":true,"href":"https:\/\/portail15.fr\/albizia\/wp-json\/wp\/v2\/users\/1"}],"replies":[{"embeddable":true,"href":"https:\/\/portail15.fr\/albizia\/wp-json\/wp\/v2\/comments?post=9"}],"version-history":[{"count":8,"href":"https:\/\/portail15.fr\/albizia\/wp-json\/wp\/v2\/pages\/9\/revisions"}],"predecessor-version":[{"id":189,"href":"https:\/\/portail15.fr\/albizia\/wp-json\/wp\/v2\/pages\/9\/revisions\/189"}],"wp:featuredmedia":[{"embeddable":true,"href":"https:\/\/portail15.fr\/albizia\/wp-json\/wp\/v2\/media\/170"}],"wp:attachment":[{"href":"https:\/\/portail15.fr\/albizia\/wp-json\/wp\/v2\/media?parent=9"}],"curies":[{"name":"wp","href":"https:\/\/api.w.org\/{rel}","templated":true}]}}

<p>Nous avons fait l’acquisition de cette propriété en janvier 2017 après avoir passé 12 années au Québec. Ses 4000 m carrés de terrain,  ses deux maisons, ses espaces arborés (chênes, pins, albizia, saules pleureurs…) et ses  dépendances nous ont donné le goût de nous réinventer en faisant de ce théâtre de verdure un lieu d’accueil , de rencontres et d’échange.</p>
<p><img loading="lazy" decoding="async" class="alignnone size-full wp-image-186" src="https://portail15.fr/albizia/wp-content/uploads/2018/02/jardin-en-juin.jpg" alt="" width="800" height="533" srcset="https://portail15.fr/albizia/wp-content/uploads/2018/02/jardin-en-juin.jpg 800w, https://portail15.fr/albizia/wp-content/uploads/2018/02/jardin-en-juin-300x200.jpg 300w, https://portail15.fr/albizia/wp-content/uploads/2018/02/jardin-en-juin-768x512.jpg 768w" sizes="auto, (max-width: 706px) 89vw, (max-width: 767px) 82vw, 740px" /></p>
<p><img loading="lazy" decoding="async" class="alignnone size-full wp-image-133" src="https://portail15.fr/albizia/wp-content/uploads/2018/02/chambre-extérieur-1.jpg" alt="" width="800" height="450" srcset="https://portail15.fr/albizia/wp-content/uploads/2018/02/chambre-extérieur-1.jpg 800w, https://portail15.fr/albizia/wp-content/uploads/2018/02/chambre-extérieur-1-300x169.jpg 300w, https://portail15.fr/albizia/wp-content/uploads/2018/02/chambre-extérieur-1-768x432.jpg 768w" sizes="auto, (max-width: 706px) 89vw, (max-width: 767px) 82vw, 740px" /></p>

<p>Nous avons fait l’acquisition de cette propriété en janvier 2017 après avoir passé 12 années au Québec. Ses 4000 m carrés de terrain,  ses deux maisons, ses espaces arborés (chênes, pins, albizia, saules pleureurs…) et ses  dépendances nous ont donné le goût de nous réinventer en faisant de ce théâtre de verdure un lieu d’accueil &hellip; </p>
<p class="link-more"><a href="https://portail15.fr/albizia/la-maison-page/" class="more-link">Continuer la lecture<span class="screen-reader-text"> de &laquo;&nbsp;La maison&nbsp;&raquo;</span></a></p>
